5. Let r = z + -30. What are the prime factors of r?
2, 5
Suppose 2*q + 4*u = -10, -2*q - 3*u + 15 = -4*u. Suppose -l = q*x - 16, -3*x + 11 = -x + 5*l. Suppose x*d - 8 = d. What are the prime factors of d?
2
What are the prime factors of -2 + 4/(-4) - -45?
2, 3, 7
Let y = -15 - -40. Let s = 44 - y. Suppose s - 7 = 3*c. List the prime factors of c.
2
Let w = -5 + 10. Let q(h) = 2*h**3 - 2*h**2 - 1. Let k be q(2). Let t = w + k. What are the prime factors of t?
2, 3
Suppose -4*h + 163 = 3. List the prime factors of h.
2, 5
List the prime factors of -3 - (-2 + -2 + -101).
2, 3, 17
Let t(j) = -j**3 - 6*j**2 - 5*j + 4. Let l be t(-5). Suppose 0 = -5*r + 3*p + 202, l*r - 144 = -5*p + 3*p. List the prime factors of r.
2, 19
Let r(a) = 4*a**2 - 1 - 1 + 2 + 3*a - a**3. List the prime factors of r(-2).
2, 3
Suppose -4*v = 5*k + 124, -6*v = -v - k + 184. Let c be (9/12)/((-3)/v). Suppose -1 = y - c. List the prime factors of y.
2
Suppose 0 = -3*c + c + 14. Let t = c - -4. Suppose 2*x = -0*q + 3*q + t, 5*x - 47 = q. List the prime factors of x.
2, 5
Suppose -4*c = -8*c + 1244. What are the prime factors of c?
311
Let w = -12 - -17. Let o = -4 + w. Let p(k) = 8*k**3 - k**2 - k + 1. List the prime factors of p(o).
7
Let n = 48 + 186. What are the prime factors of n?
2, 3, 13
Suppose 0*j + 2*j + 4*s = 0, -11 = -5*j + s. Suppose 7 = t - j*t. Let i = 21 + t. List the prime factors of i.
2, 7
Let k = 137 - 91. List the prime factors of k.
2, 23
Suppose -9*t - 65 = -10*t. What are the prime factors of t?
5, 13
Let c be (1/2)/(2/8). Suppose 3*t = -c*t + 60. List the prime factors of t.
2, 3
Suppose 0 = -4*p - 0*a + 2*a + 4, p - 1 = -3*a. Let x be (p - 15/9)*3. What are the prime factors of ((-4)/(-6))/(x/(-6))?
2
Let x(c) = -c + 1. Let k be x(-4). Let g = -1 + k. What are the prime factors of g?
2
Suppose -5*c + 0*c = -105. Let o = c - 11. List the prime factors of o.
2, 5
Let w(y) = 12*y**3 + 2*y**2 + 2*y + 1. Let m be w(-1). Let t be (-3)/6 + m/2. Let v(l) = l**3 + 5*l**2 - 8*l - 8. What are the prime factors of v(t)?
2
Suppose -3*z + 4*g = -87, 2*z - 78 = -0*g - 4*g. List the prime factors of z.
3, 11
Let r(g) be the first derivative of -1/2*g**2 + 3*g + 1. List the prime factors of r(-5).
2
Suppose -2*u - 3*w + w + 48 = 0, -4*w = u - 12. What are the prime factors of 875/u - (-6)/8?
2
Let q(l) = 3 - 1 - 4 + 4 + 7*l. What are the prime factors of q(4)?
2, 3, 5
Let l = -13 - -17. List the prime factors of 52/l + (-2 - 0).
11
Suppose -5*v + 3*v = r + 16, -3*v = 3*r + 36. Let q = r - -49. List the prime factors of q.
41
Let s = 81 - 22. What are the prime factors of s?
59
Suppose 5*t + 5*q - 3 = 2, 4*q = 3*t - 31. Suppose h = -2*x - 1 + 14, -t*x = -3*h - 16. Suppose -2*k - 6 = -h*k. List the prime factors of k.
2, 3
Let l = 5 - 4. Let w(s) = -s + 2. Let f be w(4). Let d = l - f. What are the prime factors of d?
3
Let v(g) = g**2 - 4*g + 6. Let x(z) = -z**3 - 6*z**2 + 6*z - 3. Let i be x(-7). Suppose i*f - f - 15 = 0. List the prime factors of v(f).
11
Let r(u) = -u**2 - u + 4. Let d be r(-7). Let z = 0 - d. What are the prime factors of z?
2, 19
Suppose 8*l - 214 - 602 = 0. List the prime factors of l.
2, 3, 17
Let q(o) be the third derivative of 0*o + 1/3*o**3 + 5/24*o**4 + 0 - 2*o**2. What are the prime factors of q(2)?
2, 3
Suppose s - 4*z = -5, -z - 13 = -5*s - 0*z. Suppose -24 + 84 = s*w. List the prime factors of w.
2, 5
Let s = 9 - 7. Suppose -4*j - s*f + 0*f + 6 = 0, 5*j - 30 = 5*f. Suppose 2*t + 0*t - r = 23, -2*t - j*r + 27 = 0. What are the prime factors of t?
2, 3
Let i(r) = -10*r - 5. Let s be i(-4). Suppose -3*v = -2*a + a + s, -4*a = 2*v - 98. What are the prime factors of a?
2, 13
Let y(i) = -i**2 + 8*i - 2. List the prime factors of y(4).
2, 7
Let k = 69 - 41. Suppose -2*l = -0*l - 4. Suppose -l*c + 0*c = -k. List the prime factors of c.
2, 7
Let l = 124 + -87. Let k be 97/(-4) + (-5)/(-20). Let o = k + l. List the prime factors of o.
13
Let f = -2 - 0. Suppose 2*z = -2*z + 20. Let m = f + z. What are the prime factors of m?
3
Suppose 3*o + 32 - 2 = 0. Let x = o - -22. List the prime factors of x.
2, 3
Let k = -3 + -21. Let q = -7 - k. List the prime factors of q.
17
Let i(a) = -a**3 + 25*a**2 + 28*a - 22. Let s be i(26). Let v = -6 + 8. List the prime factors of (v - 0)*s/12.
5
Let l be 3 - (0 + 0 - 2). Suppose 2*p + 59 = l*a - 9, -3*p = -4*a + 60. List the prime factors of a.
2, 3
Suppose -d + 32 = 2. List the prime factors of d.
2, 3, 5
Let a(r) = r**3 + 2*r**2 - 3*r + 4. Let g be a(-3). Let t = g + 1. List the prime factors of t.
5
Let o be 1/(39/(-12) + 3). Let s(x) = -5*x + 6. What are the prime factors of s(o)?
2, 13
Suppose -5*u + 12 = -3*u. List the prime factors of u/(-27) + (-620)/(-36).
17
Let v be -15 - (2 - (-1 - -2)). Let u = 10 + v. List the prime factors of (2 - -1)*(-16)/u.
2
Suppose 0 = -z + 4. Suppose -2*a = -4, -y - a = -z*a. Suppose -4*u - y = -7*u. List the prime factors of u.
2
Suppose -340 = -5*t - 40. Let k = t - 35. What are the prime factors of k?
5
Let a(x) = x**2 + 4*x - 2. Let v = 8 - 5. What are the prime factors of a(v)?
19
Let c(a) = 3*a. Let h be c(1). Suppose 0 = b + h*b + 48. Let r = 23 + b. List the prime factors of r.
11
Suppose -5*k - 4*z = 100, -2*z = -2*k - 4*z - 40. Let j = 10 + k. Let y = 33 + j. List the prime factors of y.
23
Let j(x) = -x**3 + 9*x**2 - 6*x. Let i be 4/(8/(-6)) + 11. What are the prime factors of j(i)?
2
Let z = 85 - 42. Let n be (-1)/2*(1 + -1). Suppose o + 57 = 4*p - z, n = p + o - 20. What are the prime factors of p?
2, 3
Let d = 1 - -1. Suppose -w = 3 + d. Let m = 17 + w. What are the prime factors of m?
2, 3
Let h be (2 - 8/5)*30. What are the prime factors of ((-2)/(-3))/(h/162)?
3
Suppose -5 = 2*g + 5*b, -b + 3*b + 2 = -5*g. Suppose -w = -g + 4. Let l = 6 - w. List the prime factors of l.
2, 5
Suppose -4*m = -0*m - 16. Let k = 140 + -35. Suppose -k = -y - m*y. List the prime factors of y.
3, 7
Let i(w) = 2*w**2 - 8*w + 12. What are the prime factors of i(7)?
2, 3
Let q(a) be the third derivative of a**5/60 - 5*a**4/24 - a**3/2 + 2*a**2. Let c be (-1 + 2)/((-2)/(-14)). What are the prime factors of q(c)?
11
List the prime factors of 385/14*24/20.
3, 11
Let z = -49 + 33. List the prime factors of (2 + -4)/(4/z).
2
Suppose -4*m + 52 = 12. Let n = 4 - m. Let q = n + 15. List the prime factors of q.
3
Let x(f) be the second derivative of 5*f**3/6 - f**2/2 + f. What are the prime factors of x(3)?
2, 7
List the prime factors of 63/35 + 2/10 + 138.
2, 5, 7
Let h(b) = -9*b**3. Let t be h(-1). What are the prime factors of (-15)/t*(-2 - 1)?
5
Suppose 1 = x + 4*m - 4, 5*m = 15. Let d(k) = -k**2 - 7*k + 5. List the prime factors of d(x).
5
Let b = -126 - -180. What are the prime factors of b?
2, 3
What are the prime factors of -12*31*1/(-4)?
3, 31
Suppose -4*p = 4*p - 424. List the prime factors of p.
53
Suppose -5*l = 0, 7*h - 3*h = 2*l - 4. Let a be h/((-2)/(3 + 3)). What are the prime factors of ((-1)/a)/((-2)/102)?
17
Let a(x) = -4*x - 2. Let d be a(-3). Let o = d - 6. Let f = 4 + o. What are the prime factors of f?
2
Let i(u) = -u - 3. Let n be i(-6). Let q = 6 - n. Suppose 0*c = q*c - 39. List the prime factors of c.
13
Suppose 7*k - 2*k = -3*u + 150, 2*u + 3*k = 99. Let h be ((-1)/3)/((-5)/u). Suppose -17 = -5*l - 2*m + 10, -2*l + h*m = -26. List the prime factors of l.
7
Let r(z) = z**3 - 9*z**2 - 9*z - 8. Let s be 8 + 0 + 8 + -6. Let l be r(s). Suppose -3*a = 2*c - 79, 3*a - 34 = l*c + 25. What are the prime factors of a?
23
Suppose -140 = 5*c - 9*c. What are the prime factors of c?
5, 7
Let w = -189 - -325. List the prime factors of w.
2, 17
Suppose -3*d - 12 = d, -5*d = s - 32. List the prime factors of s.
47
Suppose 2*b + 0 = 2*i - 14, -5*i + 2*b = -50. Let m = -10 + i. List the prime factors of m.
2
List the prime factors of (3 - 3) + 1*17.
17
Let h(l) = -l**3 - 13*l**2 - 4*l - 2. List the prime factors of h(-13).
2, 5
Let m = 38 - 79. Let g = m - -62. What are the prime factors of g?
3, 7
Let k(a) = 5*a**3 - a**2 - 3*a - 2. List the prime factors of k(3).
5, 23
Let b(c) = -c**2 - 2*c + 2. Let r be b(-2). Suppose 2*v - 16 = -r*v. Suppose -v + 80 = 4*x. What are the prime factors of x?
19
Let u(k) = k**2 - 12. What are the prime factors of u(-5)?
13
Let y = -7 + 13. What a